, 0 = -5*b - c + 2058. Calculate the remainder when b is divided by 84.
76
Let u be 6/(12/(-10)) + 1. Let f be ((-50)/(-15))/(u/18). Let z = 24 + f. What is the remainder when 21 is divided by z?
3
Let w(x) = x**3 + 5*x**2 - 131*x - 5. What is the remainder when w(-14) is divided by 15?
5
Let r = -26 + 93. Let v = -2879 + 2914. What is the remainder when r is divided by v?
32
Let y be 10/(-3)*6/(-5). Let f(z) = -4*z - 15. Let r(u) = u + 5. Let n(l) = y*f(l) + 11*r(l). What is the remainder when n(-11) is divided by 17?
16
Let z = -311 + 645. Calculate the remainder when z is divided by 84.
82
Suppose 4*a - 17 - 29 = -2*g, 0 = 2*a - 3*g - 19. Calculate the remainder when 53 is divided by a.
9
Suppose 65 + 11 = 2*z. What is the remainder when 110 is divided by z?
34
Let w(z) = -2*z + 157. What is the remainder when w(15) is divided by 17?
8
Suppose -247 = 6*v - 469. Calculate the remainder when 124 is divided by v.
13
Suppose 4*n = -6*p + p + 83, 22 = 2*p - 4*n. Suppose 7*v - 5*s = 5*v + 67, -2*s = -5*v + 115. Let g = v + -13. What is the remainder when p is divided by g?
7
Suppose 0 = 111*z - 112*z + 72. What is the remainder when z is divided by 44?
28
Let q = 51 - 60. What is the remainder when (0 + -57)*q*(-7)/(-21) is divided by 43?
42
Let v = -244 - -126. Let p = v - -197. Calculate the remainder when p is divided by 14.
9
Suppose 4*k = -3*n + n - 78, -n - 47 = -2*k. Let h = n + 67. What is the remainder when h is divided by 11?
2
Let n(c) = 22*c**2 - 1. Suppose -4*i - 3*l = l - 76, -4*l + 7 = i. Let a = -15 + i. What is the remainder when n(-1) is divided by a?
5
What is the remainder when (25740/300)/(3/10) is divided by 32?
30
Let y be 19 + (-2 - -8)/(-2). Let t be 9*(-2 - y/(-6)). Suppose 21 = t*n - 3. What is the remainder when 6 is divided by n?
2
Let n be (1/4*-2)/(1/(-10)). Suppose m - 7 - n = 0. Calculate the remainder when 58 is divided by m.
10
Let f be (-42)/(-5) + (-2)/5. Let c = 19 + f. Let p(h) = -53*h**3 - h**2 - h. What is the remainder when p(-1) is divided by c?
26
Suppose 57*f - 773 = 595. Calculate the remainder when f is divided by 8.
0
Let v = 15 + -19. What is the remainder when 4/((-36)/(-273)) - v/6 is divided by 11?
9
Let s(x) = 7*x**2 + 6*x**2 + x**2 - 15*x**2 + 7 - 14*x. What is the remainder when s(-11) is divided by 14?
12
Let f be 131*((-120)/136 - (-4)/(-34)). Let d = f - -172. What is the remainder when 158 is divided by d?
35
Let o = 467 - 406. Calculate the remainder when o is divided by 8 + (-2)/(1 - 3).
7
Suppose 0 = -3*i - 8*i + 374. What is the remainder when 272 is divided by i?
0
Let p be (9 - 7)*(-38)/(-4). Suppose q - p = 7. What is the remainder when 412/q + 12/78 is divided by 9?
7
Let c(r) = r + 39. Suppose 5*b - 5 = 0, 0*o - 121 = 3*o + 2*b. Let m = -28 - o. What is the remainder when c(-15) is divided by m?
11
Suppose 1144 = 17*q - 9*q. Suppose -4*u + q = -81. What is the remainder when u is divided by 16?
8
Suppose -4*p - 2*x = -56, -289*p + 290*p + 5*x - 23 = 0. What is the remainder when p is divided by (4/6)/((-2)/(-18))?
1
Suppose 215 = 4*z - 21. Calculate the remainder when z is divided by (-223)/(-15) - (-5 - 511/(-105)).
14
Suppose 5*y + 0*y - 10 = 0. Suppose l = 5*l. Suppose -5*c + 8 + 2 = l. Calculate the remainder when y is divided by c.
0
Let l = -908 + 912. Calculate the remainder when 13 is divided by l.
1
Let i be 20/(-170) + 121/17. Suppose -14*p = -i*p - 231. Calculate the remainder when 58 is divided by p.
25
Suppose 19*t - 23*t - y + 83 = 0, t - 5*y = 26. Calculate the remainder when 732 is divided by t.
18
Suppose 388 = 22*s - 624. Let i = -22 + 46. What is the remainder when s is divided by i?
22
Let z(k) be the first derivative of -k**4/6 - 3*k**2 + 2. Let o(l) be the second derivative of z(l). Calculate the remainder when 57 is divided by o(-3).
9
Let w(d) = 1 - 5 - 10*d + 4. Calculate the remainder when w(-2) is divided by 2.
0
Let d = 146 - 75. Suppose 33*a - 3*c - 48 = 29*a, -a + 13 = -c. Calculate the remainder when d is divided by a.
8
Let c = -1458 + 1465. What is the remainder when 150 is divided by c?
3
Let n = -34 - -50. Let b = n - 12. Suppose -b*c = -95 + 23. Calculate the remainder when 50 is divided by c.
14
Suppose -j = -6*j + 25, 65 = 5*f - 3*j. Calculate the remainder when 84 is divided by f.
4
Calculate the remainder when (1 - 14/8)/((-12)/1888) is divided by 118.
0
Let p = -1029 - -1074. What is the remainder when p is divided by 9?
0
Suppose -3*f + 14 = -2*f. Suppose -f - 18 = -4*c. Suppose -i + 5*v = -31, c*v - 213 = -5*i + 4*v. Calculate the remainder when i is divided by 11.
8
Suppose 5*w = -2*x + 38, 4*x + 3*w - 90 + 28 = 0. What is the remainder when (-2 - 348/(-9))*3/2 is divided by x?
13
Let n(r) = -12*r - 43. What is the remainder when 1907 is divided by n(-8)?
52
Let d = 9 + 2. What is the remainder when d is divided by 3?
2
Let y = 4 + 11. Let h(q) = 60*q**2 - 1. What is the remainder when h(-1) is divided by y?
14
Let n(r) = -r**2 - 2*r + 2. Let g be n(-5). Let l = g - -33. Suppose -w - 5*t = -0*w - 22, 3*w + t - 24 = 0. What is the remainder when l is divided by w?
6
Suppose -57 = m + 3*d, -6*m + 2*m - 214 = 5*d. Let w = -46 - m. What is the remainder when 20 is divided by w?
0
What is the remainder when ((-42)/(-4) - 9) + 249/2 is divided by 16?
14
Let s = 17 + -14. Let f(b) = -s*b - 5*b**3 + 4 - 1 + b + 4*b. Calculate the remainder when f(-2) is divided by 14.
11
Let t = -35 - -326. Suppose -3*s + 178 = 4*y + 19, t = 5*s - 2*y. Calculate the remainder when s is divided by 15.
12
Suppose -53*j = -22*j - 1767. What is the remainder when j is divided by 13?
5
Let p(f) = -14*f - 45. Calculate the remainder when 5/10*(-96)/(-1) is divided by p(-5).
23
Let f(o) = -9*o**3 - o**2 + o + 1. Suppose 0 = 3*d + 4*z - 5 - 5, 2*z - 8 = 0. Suppose -14 - 32 = -2*h. Calculate the remainder when f(d) is divided by h.
21
Let v = 311 + -194. Let n = v - 87. Calculate the remainder when 179 is divided by n.
29
Let w = 8 + -2. Suppose -g = -w - 14. What is the remainder when (-11)/(99/24)*57/(-4) is divided by g?
18
Suppose 6 = p - 8. Let a(y) = 8*y**2 + 4*y + 2. Let o be a(-6). Calculate the remainder when p is divided by o/35 - 2/(-5).
6
Let f(u) = u**3 + 6*u**2 + u - 7. Suppose 17*l = 1277 - 240. What is the remainder when l is divided by f(-5)?
9
Suppose 484 = 18*y + 124. What is the remainder when 98 is divided by y?
18
Let o = 1070 - 1058. Calculate the remainder when 59 - (0/2 + 1) is divided by o.
10
Let g(d) = -22 + 12 + 3*d + 2. Calculate the remainder when 38 is divided by g(6).
8
Let p = 4 - 2. Suppose -p*l - 26 = -5*s, 2*s - 4*s = 5*l + 7. What is the remainder when 69 is divided by (9/(-4))/(l/24)?
15
Let w(x) = 2*x**2 - 20*x - 128. What is the remainder when w(19) is divided by 38?
24
Let v be (2 - 4)/((-5)/145). Suppose 4*g - 55 = r, v = 3*g + 4*r + 12. What is the remainder when g is divided by (-69)/(-15) - 3/30*-4?
4
Calculate the remainder when (-1424)/24*12/(-8) is divided by 33.
23
Suppose 18 = 10*k - 192. What is the remainder when 73 is divided by k?
10
What is the remainder when (-7)/21*5/(15/(-1386)) is divided by 13?
11
Calculate the remainder when 96 + (-2)/2*1 is divided by -40*(522/45 + -12).
15
Let s = 59 + -96. Let m = -22 - s. Calculate the remainder when 26 is divided by m.
11
Calculate the remainder when 106 is divided by (4/12)/((-13)/(-2262)).
48
What is the remainder when 350 is divided by (38/(-4) - 4)/((-6)/12)?
26
Calculate the remainder when 2*9/((-36)/(-88)) is divided by 8.
4
Let a = 23 + -22. Let d(m) = 14*m**3 + m**2 - m + 1. What is the remainder when 56 is divided by d(a)?
11
Calculate the remainder when 512 is divided by -10 + 1 - -15 - -3.
8
Let d(y) = 121*y**3 + 4*y**2 + y - 2. Let n be d(-1). Calculate the remainder when (-3)/21 + n/(-7) is divided by 6.
5
Suppose -5*s - 49 = -259. Let r be 11/(-4)*(-44)/1. Let h = r - s. What is the remainder when h is divided by 20?
19
Suppose l + 3*l = 0. Suppose -2*b - 98 = -5*s - l*s, -s = 4*b - 24. What is the remainder when s is divided by 71/10 - 11/110?
6
What is the remainder when -1085*(-1 + 33/55) is divided by 149?
136
Suppose 0 = g + 4*q - 9, -6*g + 3*g - 4*q = -11. What is the remainder when 1*156/16 - (-66)/(-88) is divided by g?
0
Suppose 3*s + 3*f - 18